{"id":36,"date":"2011-01-19T15:49:23","date_gmt":"2011-01-19T20:49:23","guid":{"rendered":"http:\/\/worldlanguageday.umwblogs.org\/"},"modified":"2024-07-22T09:28:40","modified_gmt":"2024-07-22T13:28:40","slug":"french-poetry","status":"publish","type":"page","link":"https:\/\/cas.umw.edu\/modernlanguages\/world-language-day\/french-competitions\/french-poetry\/","title":{"rendered":"French Poetry"},"content":{"rendered":"\n<section class=\"wp-block-umw-hero alignfull umw-custom-block umw-hero umw-hero--dark-text umw-hero--media-float-right umw-hero--white umw-hero--with-no-media\"><div class=\"umw-hero__inner\"><div class=\"umw-hero__media\"><\/div><div class=\"umw-hero__title\"><div class=\"container\"><div class=\"umw-hero__title__wrapper\"><div class=\"umw-hero__eyebrow\">modern languages and literatures<\/div><h1 class=\"umw-hero__title__header\">French Poetry<\/h1><\/div><\/div><\/div><\/div>\n<div class=\"wp-block-umw-hero-ctas alignfull\"><div class=\"umw-hero__links\"><div class=\"container\"><div class=\"umw-hero__links__wrapper\">\n\n\n\n<\/div><\/div><\/div><\/div>\n<\/section>\n\n\n\n<h2 class=\"wp-block-heading\" id=\"h-intermediate-level-french-poems\"><strong>Intermediate Level French Poems<\/strong><\/h2>\n\n\n\n<div class=\"wp-block-columns is-layout-flex wp-container-core-columns-is-layout-9d6595d7 wp-block-columns-is-layout-flex\">\n<div class=\"wp-block-column is-layout-flow wp-block-column-is-layout-flow\">\n<p>Mignonne, allons voir si la rose<br>Qui ce matin avait d\u00e9close<br>Sa robe de pourpre au Soleil,<br>A point perdu ceste v\u00eapr\u00e9e<br>Les plis de sa robe pourpr\u00e9e,<br>Et son teint au votre pareil.Las ! voyez comme en peu d&#8217;espace,<br>Mignonne, elle a dessus la place<br>Las ! las ses beaut\u00e9s laiss\u00e9 choir !<br>\u00d4 vraiment mar\u00e2tre Nature,<br>Puis qu&#8217;une telle fleur ne dure<br>Que du matin jusques au soir !Donc, si vous me croyez, mignonne,<br>Tandis que votre \u00e2ge fleuronne<br>En sa plus verte nouveaut\u00e9,<br>Cueillez, cueillez votre jeunesse :<br>Comme \u00e0 ceste fleur la vieillesse<br>Fera ternir votre beaut\u00e9.<br><p>&#8211; Pierre de Ronsard<\/p><\/p>\n<\/div>\n\n\n\n<div class=\"wp-block-column is-layout-flow wp-block-column-is-layout-flow\">\n<p>La Cigale, ayant chant\u00e9<br>Tout l&#8217;\u00e9t\u00e9,<br>Se trouva fort d\u00e9pourvue<br>Quand la bise fut venue :<br>Pas un seul petit morceau<br>De mouche ou de vermisseau.<br>Elle alla crier famine<br>Chez la Fourmi sa voisine,<br>La priant de lui pr\u00eater<br>Quelque grain pour subsister<br>Jusqu&#8217;\u00e0 la saison nouvelle.<br>&#8220;Je vous paierai, lui dit-elle,<br>Avant l&#8217;ao\u00fbt, foi d&#8217;animal,<br>Int\u00e9r\u00eat et principal. &#8220;<br>La Fourmi n&#8217;est pas pr\u00eateuse :<br>C&#8217;est l\u00e0 son moindre d\u00e9faut.<br>Que faisiez-vous au temps chaud ?<br>Dit-elle \u00e0 cette emprunteuse.<\/p>\n\n\n\n<p>&#8211; Nuit et jour \u00e0 tout venant<br>Je chantais, ne vous d\u00e9plaise.<\/p>\n\n\n\n<p>&#8211; Vous chantiez ? j&#8217;en suis fort aise.<br>Eh bien! dansez maintenant.<\/p>\n\n\n\n<p>&#8211; Jean de la Fontaine<\/p>\n<\/div>\n<\/div>\n\n\n\n<div class=\"wp-block-columns is-layout-flex wp-container-core-columns-is-layout-9d6595d7 wp-block-columns-is-layout-flex\">\n<div class=\"wp-block-column is-layout-flow wp-block-column-is-layout-flow\">\n<p>Nouveau venu, qui cherches Rome en Rome<br>Et rien de Rome en Rome n&#8217;aper\u00e7ois,<br>Ces vieux palais, ces vieux arcs que tu vois,<br>Et ces vieux murs, c&#8217;est ce que Rome on nomme.Vois quel orgueil, quelle ruine : et comme<br>Celle qui mit le monde sous ses lois,<br>Pour dompter tout, se dompta quelquefois,<br>Et devint proie au temps, qui tout consomme.Rome de Rome est le seul monument,<br>Et Rome Rome a vaincu seulement.<br>Le Tibre seul, qui vers la mer s&#8217;enfuit,<br>Reste de Rome. O mondaine inconstance !<br>Ce qui est ferme, est par le temps d\u00e9truit,<br>Et ce qui fuit, au temps fait r\u00e9sistance.<\/p>\n\n\n\n<p>&#8211; Joachim DuBellay<\/p>\n<\/div>\n\n\n\n<div class=\"wp-block-column is-layout-flow wp-block-column-is-layout-flow\">\n<p><em>Le CancreIl<\/em> dit non avec la t\u00eate<br>mais il dit oui avec le c\u0153ur<br>il dit oui \u00e0 ce qu&#8217;il aime<br>il dit non au professeur<br>il est debout<br>on le questionne<br>et tous les probl\u00e8mes sont pos\u00e9s<br>soudain le fou rire le prend<br>et il efface tout<br>les chiffres et les mots<br>les dates et les noms<br>les phrases et les pi\u00e8ges<br>et malgr\u00e9 les menaces du ma\u00eetre<br>sous les hu\u00e9es des enfants prodiges<br>avec des craies de toutes les couleurs<br>sur le tableau noir du malheur<br>il dessine le visage du bonheur- Jacques Pr\u00e9vert<\/p>\n<\/div>\n<\/div>\n\n\n\n<div class=\"wp-block-columns is-layout-flex wp-container-core-columns-is-layout-9d6595d7 wp-block-columns-is-layout-flex\">\n<div class=\"wp-block-column is-layout-flow wp-block-column-is-layout-flow\">\n<p>France, m\u00e8re des arts, des armes et des lois,<br>Tu m&#8217;as nourri longtemps du lait de ta mamelle :<br>Ores, comme un agneau qui sa nourrice appelle,<br>Je remplis de ton nom les antres et les bois.Si tu m&#8217;as pour enfant avou\u00e9 quelquefois,<br>Que ne me r\u00e9ponds-tu maintenant, \u00f4 cruelle ?<br>France, France, r\u00e9ponds \u00e0 ma triste querelle.<br>Mais nul, sinon \u00c9cho, ne r\u00e9pond \u00e0 ma voix.Entre les loups cruels j&#8217;erre parmi la plaine,<br>Je sens venir l&#8217;hiver, de qui la froide haleine<br>D&#8217;une tremblante horreur fait h\u00e9risser ma peau.<br>Las, tes autres agneaux n&#8217;ont faute de p\u00e2ture,<br>Ils ne craignent le loup, le vent ni la froidure :<br>Si ne suis-je pourtant le pire du troupeau.<\/p>\n\n\n\n<p>&#8211; Joachim DuBellay<\/p>\n<\/div>\n\n\n\n<div class=\"wp-block-column is-layout-flow wp-block-column-is-layout-flow\">\n<p>Demain, d\u00e8s l&#8217;aube, \u00e0 l&#8217;heure o\u00f9 blanchit la campagne,<br>Je partirai. Vois-tu, je sais que tu m&#8217;attends.<br>J&#8217;irai par la for\u00eat, j&#8217;irai par la montagne.<br>Je ne puis demeurer loin de toi plus longtemps.Je marcherai les yeux fix\u00e9s sur mes pens\u00e9es,<br>Sans rien voir au dehors, sans entendre aucun bruit,<br>Seul, inconnu, le dos courb\u00e9, les mains crois\u00e9es,<br>Triste, et le jour pour moi sera comme la nuit.Je ne regarderai ni l&#8217;or du soir qui tombe,<br>Ni les voiles au loin descendant vers Harfleur,<br>Et quand j&#8217;arriverai, je mettrai sur ta tombe<br>Un bouquet de houx vert et de bruy\u00e8re en fleur.<\/p>\n\n\n\n<p>&#8211; Victor Hugo<\/p>\n<\/div>\n<\/div>\n\n\n\n<div class=\"wp-block-columns is-layout-flex wp-container-core-columns-is-layout-9d6595d7 wp-block-columns-is-layout-flex\">\n<div class=\"wp-block-column is-layout-flow wp-block-column-is-layout-flow\">\n<p><em>L\u2019\u00c9cole des Beaux-Arts<br><\/em>Dans une bo\u00eete de paille tress\u00e9e<br>Le p\u00e8re choisit une petite boule de papier<br>Et il la jette<br>Dans la cuvette<br>Devant ses enfants intrigu\u00e9s<br>Surgit alors<br>Multicolore<br>La grande fleur japonaise<br>Le n\u00e9nuphar instantan\u00e9<br>Et les enfants se taisent<br>\u00c9merveill\u00e9s<br>Jamais plus tard dans leur souvenir<br>Cette fleur ne pourra se faner<br>Cette fleur subite<br>Faite pour eux<br>A la minute<br>Devant eux.<br>-Jacques Pr\u00e9vert<\/p>\n<\/div>\n\n\n\n<div class=\"wp-block-column is-layout-flow wp-block-column-is-layout-flow\">\n<p><em>Les Alouettes<br><\/em>L&#8217;azur est scintillantDe grands nuages blancsQui vont, viennent et passent ;Comme des balles dans l&#8217;espaceLe tablier mouvant des bl\u00e9sProjetteJusques au ciel les alouettes.Elles fusent et jaillissent si hautVers la lumi\u00e8re et ses joyaux,Que leur \u00e9lan s&#8217;y noieEt qu&#8217;elles volent sans qu&#8217;on les voie.Mais les nuages blancs et lentsQui, tout l\u00e0-haut, font route,EcoutentLeur chantEt leurs cris et leurs trillesQui brillent,Tels des micas diamant\u00e9s,Dans l&#8217;air torride et sec du flamboyant \u00e9t\u00e9.<br>-Emile Verhaeren<\/p>\n<\/div>\n<\/div>\n\n\n\n<div class=\"wp-block-columns is-layout-flex wp-container-core-columns-is-layout-9d6595d7 wp-block-columns-is-layout-flex\">\n<div class=\"wp-block-column is-layout-flow wp-block-column-is-layout-flow\">\n<p><em>Petit D\u00e9jeuner du Matin<br><\/em>Il a mis le caf\u00e9<br>Dans la tasse<br>Il a mis le lait<br>Dans la tasse de caf\u00e9<br>Il a mis le sucre<br>Dans le caf\u00e9 au lait<br>Avec la petite cuiller<br>Il a tourn\u00e9<br>Il a bu le caf\u00e9 au lait<br>Et il a repos\u00e9 la tasse<br>Sans me parler<br>Il a allum\u00e9<br>Une cigarette<br>Il a fait des ronds<br>Avec la fum\u00e9e<br>Il a mis les cendres<br>Dans le cendrier<br>Sans me parler<br>Sans me regarder<br>Il s&#8217;est lev\u00e9<br>Il a mis<br>Son chapeau sur sa t\u00eate<br>Il a mis son manteau de pluie<br>Parce qu&#8217;il pleuvait<br>Et il est parti<br>Sous la pluie<br>Sans une parole<br>Sans me regarder<br>Et moi j&#8217;ai pris<br>Ma t\u00eate dans ma main<br>Et j&#8217;ai pleur\u00e9<\/p>\n\n\n\n<p>&#8211; Jacques Pr\u00e9vert<\/p>\n<\/div>\n\n\n\n<div class=\"wp-block-column is-layout-flow wp-block-column-is-layout-flow\">\n<p>Ma\u00eetre Corbeau, sur un arbre perch\u00e9,<br>Tenait en son bec un fromage.<br>Ma\u00eetre Renard, par l&#8217;odeur all\u00e9ch\u00e9,<br>Lui tint \u00e0 peu pr\u00e8s ce langage :<br>&#8220;H\u00e9 ! bonjour, Monsieur du Corbeau.<br>Que vous \u00eates joli ! que vous me semblez beau !<br>Sans mentir, si votre ramage<br>Se rapporte \u00e0 votre plumage,<br>Vous \u00eates le Ph\u00e9nix des h\u00f4tes de ces bois.&#8221;<br>A ces mots le Corbeau ne se sent pas de joie ;<br>Et pour montrer sa belle voix,<br>Il ouvre un large bec, laisse tomber sa proie.<br>Le Renard s&#8217;en saisit, et dit : &#8220;Mon bon Monsieur,<br>Apprenez que tout flatteur<br>Vit aux d\u00e9pens de celui qui l&#8217;\u00e9coute :<br>Cette le\u00e7on vaut bien un fromage, sans doute. &#8220;<br>Le Corbeau, honteux et confus,<br>Jura, mais un peu tard, qu&#8217;on ne l&#8217;y prendrait plus.<\/p>\n\n\n\n<p>&#8211; Jean de la Fontaine<\/p>\n<\/div>\n<\/div>\n\n\n\n<h2 class=\"wp-block-heading\" id=\"h-advanced-level-french-poems\">Advanced Level French Poems<\/h2>\n\n\n\n<div class=\"wp-block-columns is-layout-flex wp-container-core-columns-is-layout-9d6595d7 wp-block-columns-is-layout-flex\">\n<div class=\"wp-block-column is-layout-flow wp-block-column-is-layout-flow\">\n<p>Quand vous serez bien vieille, au soir, \u00e0 la chandelle,<br>Assise aupr\u00e8s du feu, d\u00e9vidant et filant,<br>Direz, chantant mes vers, en vous \u00e9merveillant :<br>Ronsard me c\u00e9l\u00e9brait du temps que j&#8217;\u00e9tais belle.Lors, vous n&#8217;aurez servante oyant telle nouvelle,<br>D\u00e9j\u00e0 sous le labeur \u00e0 demi sommeillant,<br>Qui au bruit de mon nom ne s&#8217;aille r\u00e9veillant,<br>B\u00e9nissant votre nom de louange immortelle.Je serai sous la terre et fant\u00f4me sans os :<br>Par les ombres myrteux je prendrai mon repos :<br>Vous serez au foyer une vieille accroupie,<br>Regrettant mon amour et votre fier d\u00e9dain.<br>Vivez, si m&#8217;en croyez, n&#8217;attendez \u00e0 demain :<br>Cueillez d\u00e9s aujourd\u2019hui les roses de la vie.<\/p>\n\n\n\n<p>&#8211; Pierre de Ronsard<\/p>\n<\/div>\n\n\n\n<div class=\"wp-block-column is-layout-flow wp-block-column-is-layout-flow\">\n<p>Souvent, pour s&#8217;amuser, les hommes d&#8217;\u00e9quipage<br>Prennent des albatros, vastes oiseaux des mers,<br>Qui suivent, indolents compagnons de voyage,<br>Le navire glissant sur les gouffres amers.A peine les ont-ils d\u00e9pos\u00e9s sur les planches,<br>Que ces rois de l&#8217;azur, maladroits et honteux,<br>Laissent piteusement leurs grandes ailes blanches<br>Comme des avirons tra\u00eener \u00e0 c\u00f4t\u00e9 d&#8217;eux.Ce voyageur ail\u00e9, comme il est gauche et veule !<br>Lui, nagu\u00e8re si beau, qu&#8217;il est comique et laid !<br>L&#8217;un agace son bec avec un br\u00fble-gueule,<br>L&#8217;autre mime, en boitant, l&#8217;infirme qui volait !<br>Le Po\u00e8te est semblable au prince des nu\u00e9es<br>Qui hante la temp\u00eate et se rit de l&#8217;archer ;<br>Exil\u00e9 sur le sol au milieu des hu\u00e9es,<br>Ses ailes de g\u00e9ant l&#8217;emp\u00eachent de marcher.<\/p>\n\n\n\n<p>&#8211; Charles Baudelaire<\/p>\n<\/div>\n<\/div>\n\n\n\n<div class=\"wp-block-columns is-layout-flex wp-container-core-columns-is-layout-9d6595d7 wp-block-columns-is-layout-flex\">\n<div class=\"wp-block-column is-layout-flow wp-block-column-is-layout-flow\">\n<p>C&#8217;est un trou de verdure o\u00f9 chante une rivi\u00e8re,<br>Accrochant follement aux herbes des haillons<br>D&#8217;argent ; o\u00f9 le soleil, de la montagne fi\u00e8re,<br>Luit : c&#8217;est un petit val qui mousse de rayons.Un soldat jeune, bouche ouverte, t\u00eate nue,<br>Et la nuque baignant dans le frais cresson bleu,<br>Dort ; il est \u00e9tendu dans l&#8217;herbe, sous la nue,<br>P\u00e2le dans son lit vert o\u00f9 la lumi\u00e8re pleut.Les pieds dans les gla\u00efeuls, il dort. Souriant comme<br>Sourirait un enfant malade, il fait un somme :<br>Nature, berce-le chaudement : il a froid.<br>Les parfums ne font pas frissonner sa narine ;<br>Il dort dans le soleil, la main sur sa poitrine,<br>Tranquille. Il a deux trous rouges au c\u00f4t\u00e9 droit.<\/p>\n\n\n\n<p>&#8211; Arthur Rimbaud<\/p>\n<\/div>\n\n\n\n<div class=\"wp-block-column is-layout-flow wp-block-column-is-layout-flow\">\n<p>Il pleure dans mon coeur<br>Comme il pleut sur la ville ;<br>Quelle est cette langueur<br>Qui p\u00e9n\u00e8tre mon coeur ?\u00d4 bruit doux de la pluie<br>Par terre et sur les toits !<br>Pour un coeur qui s&#8217;ennuie,<br>\u00d4 le chant de la pluie !Il pleure sans raison<br>Dans ce coeur qui s&#8217;\u00e9coeure.<br>Quoi ! nulle trahison ?\u2026<br>Ce deuil est sans raison.<br>C&#8217;est bien la pire peine<br>De ne savoir pourquoi<br>Sans amour et sans haine<br>Mon coeur a tant de peine !<\/p>\n\n\n\n<p>&#8211; Paul Verlaine<\/p>\n<\/div>\n<\/div>\n\n\n\n<div class=\"wp-block-columns is-layout-flex wp-container-core-columns-is-layout-9d6595d7 wp-block-columns-is-layout-flex\">\n<div class=\"wp-block-column is-layout-flow wp-block-column-is-layout-flow\">\n<p>Mon enfant, ma soeur,<br>Songe \u00e0 la douceur<br>D&#8217;aller l\u00e0-bas vivre ensemble !<br>Aimer \u00e0 loisir,<br>Aimer et mourir<br>Au pays qui te ressemble !<br>Les soleils mouill\u00e9s<br>De ces ciels brouill\u00e9s<br>Pour mon esprit ont les charmes<br>Si myst\u00e9rieux<br>De tes tra\u00eetres yeux,<br>Brillant \u00e0 travers leurs larmes.L\u00e0, tout n&#8217;est qu&#8217;ordre et beaut\u00e9,<br>Luxe, calme et volupt\u00e9.Des meubles luisants,<br>Polis par les ans,<br>D\u00e9coreraient notre chambre ;<br>Les plus rares fleurs<br>M\u00ealant leurs odeurs<br>Aux vagues senteurs de l&#8217;ambre,<br>Les riches plafonds,<br>Les miroirs profonds,<br>La splendeur orientale,<br>Tout y parlerait<br>\u00c0 l&#8217;\u00e2me en secret<br>Sa douce langue natale.<br>L\u00e0, tout n&#8217;est qu&#8217;ordre et beaut\u00e9,<br>Luxe, calme et volupt\u00e9.<br>Vois sur ces canaux<br>Dormir ces vaisseaux<br>Dont l&#8217;humeur est vagabonde ;<br>C&#8217;est pour assouvir<br>Ton moindre d\u00e9sir<br>Qu&#8217;ils viennent du bout du monde.<\/p>\n\n\n\n<p>&#8211; Les soleils couchants<br>Rev\u00eatent les champs,<br>Les canaux, la ville enti\u00e8re,<br>D&#8217;hyacinthe et d&#8217;or ;<br>Le monde s&#8217;endort<br>Dans une chaude lumi\u00e8re.<br>L\u00e0, tout n&#8217;est qu&#8217;ordre et beaut\u00e9,<br>Luxe, calme et volupt\u00e9.<\/p>\n\n\n\n<p>&#8211; Charles Baudelaire<\/p>\n<\/div>\n\n\n\n<div class=\"wp-block-column is-layout-flow wp-block-column-is-layout-flow\">\n<p>La Nature est un temple o\u00f9 de vivants piliers<br>Laissent parfois sortir de confuses paroles ;<br>L&#8217;homme y passe \u00e0 travers des for\u00eats de symboles<br>Qui l&#8217;observent avec des regards familiers.Comme de longs \u00e9chos qui de loin se confondent<br>Dans une t\u00e9n\u00e9breuse et profonde unit\u00e9,<br>Vaste comme la nuit et comme la clart\u00e9,<br>Les parfums, les couleurs et les sons se r\u00e9pondent.Il est des parfums frais comme des chairs d&#8217;enfants,<br>Doux comme les hautbois, verts comme les prairies,<\/p>\n\n\n\n<p>&#8211; Et d&#8217;autres, corrompus, riches et triomphants,<br>Ayant l&#8217;expansion des choses infinies,<br>Comme l&#8217;ambre, le musc, le benjoin et l&#8217;encens,<br>Qui chantent les transports de l&#8217;esprit et des sens.<\/p>\n\n\n\n<p>&#8211; Charles Baudelaire<\/p>\n<\/div>\n<\/div>\n","protected":false},"excerpt":{"rendered":"<p>Intermediate Level French Poems Mignonne, allons voir si la roseQui ce matin avait d\u00e9closeSa robe de pourpre au Soleil,A point perdu ceste v\u00eapr\u00e9eLes plis de sa robe pourpr\u00e9e,Et son teint au votre pareil.Las ! voyez comme en peu d&#8217;espace,Mignonne, elle a dessus la placeLas ! las ses beaut\u00e9s laiss\u00e9 choir !\u00d4 vraiment mar\u00e2tre Nature,Puis qu&#8217;une [&hellip;]<\/p>\n","protected":false},"author":2381,"featured_media":0,"parent":5,"menu_order":0,"comment_status":"closed","ping_status":"closed","template":"","meta":{"_acf_changed":false,"umw_cb_additional_links":[[]],"jetpack_post_was_ever_published":false,"_advisory_expires_time":"","_advisory_meta_include":false,"footnotes":"","_links_to":"","_links_to_target":""},"class_list":{"0":"post-36","1":"page","2":"type-page","3":"status-publish","5":"entry"},"yoast_head":"<!-- This site is optimized with the Yoast SEO Premium plugin v27.1 (Yoast SEO v27.1.1) - https:\/\/yoast.com\/product\/yoast-seo-premium-wordpress\/ -->\n<title>French Poetry - Department of Modern Languages and Literatures<\/title>\n<meta name=\"robots\" content=\"index, follow, max-snippet:-1, max-image-preview:large, max-video-preview:-1\" \/>\n<link rel=\"canonical\" href=\"https:\/\/cas.umw.edu\/modernlanguages\/world-language-day\/french-competitions\/french-poetry\/\" \/>\n<meta property=\"og:locale\" content=\"en_US\" \/>\n<meta property=\"og:type\" content=\"article\" \/>\n<meta property=\"og:title\" content=\"French Poetry\" \/>\n<meta property=\"og:description\" content=\"Intermediate Level French Poems Mignonne, allons voir si la roseQui ce matin avait d\u00e9closeSa robe de pourpre au Soleil,A point perdu ceste v\u00eapr\u00e9eLes plis de sa robe pourpr\u00e9e,Et son teint au votre pareil.Las ! voyez comme en peu d&#8217;espace,Mignonne, elle a dessus la placeLas ! las ses beaut\u00e9s laiss\u00e9 choir !\u00d4 vraiment mar\u00e2tre Nature,Puis qu&#8217;une [&hellip;]\" \/>\n<meta property=\"og:url\" content=\"https:\/\/cas.umw.edu\/modernlanguages\/world-language-day\/french-competitions\/french-poetry\/\" \/>\n<meta property=\"og:site_name\" content=\"Department of Modern Languages and Literatures\" \/>\n<meta property=\"article:modified_time\" content=\"2024-07-22T13:28:40+00:00\" \/>\n<meta name=\"twitter:card\" content=\"summary_large_image\" \/>\n<meta name=\"twitter:label1\" content=\"Est. reading time\" \/>\n\t<meta name=\"twitter:data1\" content=\"9 minutes\" \/>\n<script type=\"application\/ld+json\" class=\"yoast-schema-graph\">{\"@context\":\"https:\/\/schema.org\",\"@graph\":[{\"@type\":\"WebPage\",\"@id\":\"https:\/\/cas.umw.edu\/modernlanguages\/world-language-day\/french-competitions\/french-poetry\/\",\"url\":\"https:\/\/cas.umw.edu\/modernlanguages\/world-language-day\/french-competitions\/french-poetry\/\",\"name\":\"French Poetry - Department of Modern Languages and Literatures\",\"isPartOf\":{\"@id\":\"https:\/\/cas.umw.edu\/modernlanguages\/#website\"},\"datePublished\":\"2011-01-19T20:49:23+00:00\",\"dateModified\":\"2024-07-22T13:28:40+00:00\",\"breadcrumb\":{\"@id\":\"https:\/\/cas.umw.edu\/modernlanguages\/world-language-day\/french-competitions\/french-poetry\/#breadcrumb\"},\"inLanguage\":\"en-US\",\"potentialAction\":[{\"@type\":\"ReadAction\",\"target\":[\"https:\/\/cas.umw.edu\/modernlanguages\/world-language-day\/french-competitions\/french-poetry\/\"]}]},{\"@type\":\"BreadcrumbList\",\"@id\":\"https:\/\/cas.umw.edu\/modernlanguages\/world-language-day\/french-competitions\/french-poetry\/#breadcrumb\",\"itemListElement\":[{\"@type\":\"ListItem\",\"position\":1,\"name\":\"Department of Modern Languages and Literatures\",\"item\":\"https:\/\/cas.umw.edu\/modernlanguages\/\"},{\"@type\":\"ListItem\",\"position\":2,\"name\":\"World Language Day\",\"item\":\"https:\/\/cas.umw.edu\/modernlanguages\/world-language-day\/\"},{\"@type\":\"ListItem\",\"position\":3,\"name\":\"French Competitions\",\"item\":\"https:\/\/cas.umw.edu\/modernlanguages\/world-language-day\/french-competitions\/\"},{\"@type\":\"ListItem\",\"position\":4,\"name\":\"French Poetry\"}]},{\"@type\":\"WebSite\",\"@id\":\"https:\/\/cas.umw.edu\/modernlanguages\/#website\",\"url\":\"https:\/\/cas.umw.edu\/modernlanguages\/\",\"name\":\"Department of Modern Languages and Literatures\",\"description\":\"University of Mary Washington\",\"potentialAction\":[{\"@type\":\"SearchAction\",\"target\":{\"@type\":\"EntryPoint\",\"urlTemplate\":\"https:\/\/cas.umw.edu\/modernlanguages\/?s={search_term_string}\"},\"query-input\":{\"@type\":\"PropertyValueSpecification\",\"valueRequired\":true,\"valueName\":\"search_term_string\"}}],\"inLanguage\":\"en-US\"}]}<\/script>\n<!-- \/ Yoast SEO Premium plugin. -->","yoast_head_json":{"title":"French Poetry - Department of Modern Languages and Literatures","robots":{"index":"index","follow":"follow","max-snippet":"max-snippet:-1","max-image-preview":"max-image-preview:large","max-video-preview":"max-video-preview:-1"},"canonical":"https:\/\/cas.umw.edu\/modernlanguages\/world-language-day\/french-competitions\/french-poetry\/","og_locale":"en_US","og_type":"article","og_title":"French Poetry","og_description":"Intermediate Level French Poems Mignonne, allons voir si la roseQui ce matin avait d\u00e9closeSa robe de pourpre au Soleil,A point perdu ceste v\u00eapr\u00e9eLes plis de sa robe pourpr\u00e9e,Et son teint au votre pareil.Las ! voyez comme en peu d&#8217;espace,Mignonne, elle a dessus la placeLas ! las ses beaut\u00e9s laiss\u00e9 choir !\u00d4 vraiment mar\u00e2tre Nature,Puis qu&#8217;une [&hellip;]","og_url":"https:\/\/cas.umw.edu\/modernlanguages\/world-language-day\/french-competitions\/french-poetry\/","og_site_name":"Department of Modern Languages and Literatures","article_modified_time":"2024-07-22T13:28:40+00:00","twitter_card":"summary_large_image","twitter_misc":{"Est. reading time":"9 minutes"},"schema":{"@context":"https:\/\/schema.org","@graph":[{"@type":"WebPage","@id":"https:\/\/cas.umw.edu\/modernlanguages\/world-language-day\/french-competitions\/french-poetry\/","url":"https:\/\/cas.umw.edu\/modernlanguages\/world-language-day\/french-competitions\/french-poetry\/","name":"French Poetry - Department of Modern Languages and Literatures","isPartOf":{"@id":"https:\/\/cas.umw.edu\/modernlanguages\/#website"},"datePublished":"2011-01-19T20:49:23+00:00","dateModified":"2024-07-22T13:28:40+00:00","breadcrumb":{"@id":"https:\/\/cas.umw.edu\/modernlanguages\/world-language-day\/french-competitions\/french-poetry\/#breadcrumb"},"inLanguage":"en-US","potentialAction":[{"@type":"ReadAction","target":["https:\/\/cas.umw.edu\/modernlanguages\/world-language-day\/french-competitions\/french-poetry\/"]}]},{"@type":"BreadcrumbList","@id":"https:\/\/cas.umw.edu\/modernlanguages\/world-language-day\/french-competitions\/french-poetry\/#breadcrumb","itemListElement":[{"@type":"ListItem","position":1,"name":"Department of Modern Languages and Literatures","item":"https:\/\/cas.umw.edu\/modernlanguages\/"},{"@type":"ListItem","position":2,"name":"World Language Day","item":"https:\/\/cas.umw.edu\/modernlanguages\/world-language-day\/"},{"@type":"ListItem","position":3,"name":"French Competitions","item":"https:\/\/cas.umw.edu\/modernlanguages\/world-language-day\/french-competitions\/"},{"@type":"ListItem","position":4,"name":"French Poetry"}]},{"@type":"WebSite","@id":"https:\/\/cas.umw.edu\/modernlanguages\/#website","url":"https:\/\/cas.umw.edu\/modernlanguages\/","name":"Department of Modern Languages and Literatures","description":"University of Mary Washington","potentialAction":[{"@type":"SearchAction","target":{"@type":"EntryPoint","urlTemplate":"https:\/\/cas.umw.edu\/modernlanguages\/?s={search_term_string}"},"query-input":{"@type":"PropertyValueSpecification","valueRequired":true,"valueName":"search_term_string"}}],"inLanguage":"en-US"}]}},"acf":[],"jetpack_sharing_enabled":true,"jetpack_shortlink":"https:\/\/wp.me\/P2yvWs-A","publishpress_future_action":{"enabled":false,"date":"2026-04-17 07:11:19","action":"Draft","newStatus":"draft","terms":[],"taxonomy":"","extraData":[]},"publishpress_future_workflow_manual_trigger":{"enabledWorkflows":[]},"_links":{"self":[{"href":"https:\/\/cas.umw.edu\/modernlanguages\/wp-json\/wp\/v2\/pages\/36","targetHints":{"allow":["GET"]}}],"collection":[{"href":"https:\/\/cas.umw.edu\/modernlanguages\/wp-json\/wp\/v2\/pages"}],"about":[{"href":"https:\/\/cas.umw.edu\/modernlanguages\/wp-json\/wp\/v2\/types\/page"}],"author":[{"embeddable":true,"href":"https:\/\/cas.umw.edu\/modernlanguages\/wp-json\/wp\/v2\/users\/2381"}],"replies":[{"embeddable":true,"href":"https:\/\/cas.umw.edu\/modernlanguages\/wp-json\/wp\/v2\/comments?post=36"}],"version-history":[{"count":0,"href":"https:\/\/cas.umw.edu\/modernlanguages\/wp-json\/wp\/v2\/pages\/36\/revisions"}],"up":[{"embeddable":true,"href":"https:\/\/cas.umw.edu\/modernlanguages\/wp-json\/wp\/v2\/pages\/5"}],"wp:attachment":[{"href":"https:\/\/cas.umw.edu\/modernlanguages\/wp-json\/wp\/v2\/media?parent=36"}],"curies":[{"name":"wp","href":"https:\/\/api.w.org\/{rel}","templated":true}]}}